{"id":4037,"date":"2024-02-05T10:52:27","date_gmt":"2024-02-05T09:52:27","guid":{"rendered":"\/katalog\/?post_type=product&#038;p=4037"},"modified":"2024-02-05T10:52:27","modified_gmt":"2024-02-05T09:52:27","slug":"manfrotto-lichtstativ-3er-set","status":"publish","type":"product","link":"\/katalog\/produkt\/manfrotto-lichtstativ-3er-set\/","title":{"rendered":"Manfrotto Lichtstativ 3er Set"},"content":{"rendered":"<p>serienm\u00e4\u00dfige Luftfederung, max. Traglast: 10 kg, 3 Segmente (2 Ausz\u00fcge)<br \/>\nH\u00f6he: 118 &#8211; 273 cm, L\u00e4nge geschlossen: 100 cm<br \/>\nFarbe: Schwarz<\/p>\n","protected":false},"excerpt":{"rendered":"<p>serienm\u00e4\u00dfige Luftfederung, max. Traglast: 10 kg, 3 Segmente (2 Ausz\u00fcge) H\u00f6he: 118 &#8211; 273 cm, L\u00e4nge geschlossen: 100 cm Farbe: Schwarz<\/p>\n","protected":false},"featured_media":4038,"comment_status":"closed","ping_status":"closed","template":"","meta":[],"product_cat":[238],"product_tag":[],"acf":[],"_links":{"self":[{"href":"\/katalog\/wp-json\/wp\/v2\/product\/4037"}],"collection":[{"href":"\/katalog\/wp-json\/wp\/v2\/product"}],"about":[{"href":"\/katalog\/wp-json\/wp\/v2\/types\/product"}],"replies":[{"embeddable":true,"href":"\/katalog\/wp-json\/wp\/v2\/comments?post=4037"}],"wp:featuredmedia":[{"embeddable":true,"href":"\/katalog\/wp-json\/wp\/v2\/media\/4038"}],"wp:attachment":[{"href":"\/katalog\/wp-json\/wp\/v2\/media?parent=4037"}],"wp:term":[{"taxonomy":"product_cat","embeddable":true,"href":"\/katalog\/wp-json\/wp\/v2\/product_cat?post=4037"},{"taxonomy":"product_tag","embeddable":true,"href":"\/katalog\/wp-json\/wp\/v2\/product_tag?post=4037"}],"curies":[{"name":"wp","href":"https:\/\/api.w.org\/{rel}","templated":true}]}}